mainder when 26 is divided by (2 + (-9)/3)*n.
8
Let n = 78 - 134. Let j = n + 164. What is the remainder when j is divided by 37?
34
Suppose 7*h + 44*h = 3978. Calculate the remainder when h is divided by 63.
15
Let u be 2 + (0 - -2)*4. Let h(d) = d**3 - 8*d**2 - 12*d - 11. What is the remainder when h(u) is divided by 7?
6
Let u(d) = d**3 + 7*d**2 + d - 8. Let s be u(-6). Let g = s + -16. Suppose -3*r - 78 = -4*i, 4*r + g + 2 = 0. What is the remainder when i is divided by 5?
3
Let h = -10 + 10. Suppose h = 5*o - 20, -3*o + 14 = 2*f - 8. Calculate the remainder when f is divided by 3.
2
Suppose -q - 3*d = -122, -d = 2*d + 9. What is the remainder when q is divided by 17?
12
Let c(o) be the first derivative of 8*o - 1/3*o**3 - 4 - 3*o**2. What is the remainder when c(-6) is divided by 5?
3
Let y(v) = v + 49. Calculate the remainder when y(-30) is divided by 1/((-10)/(-15)*3/14).
5
Let o = 42 + -38. Calculate the remainder when 51 is divided by (1 - -2)/(o/24 + 0).
15
Suppose 0 = -12*t + 79 + 509. Calculate the remainder when 124 is divided by t.
26
Let v(o) = 35*o - 22. Let a be v(7). Let d = -126 + a. Calculate the remainder when d is divided by 25.
22
Let t(p) = -2*p**2 - 5*p + 2. Let u be t(-5). Let d = u + 20. What is the remainder when (-14)/(-4) - d/6 is divided by 2?
0
Let t(s) = s**2 - 4*s. Let f be t(3). Let j(h) = h**3 + 7*h**2 + 7*h + 2. Calculate the remainder when 66 is divided by j(f).
15
Let p(r) = -r**3 - 4*r**2 - r - 4. Let c be p(-4). Suppose c*j = j + 2. Let t(m) = 8*m**2 + m - 2. Calculate the remainder when t(j) is divided by 10.
8
Let u(f) = -8*f + 4. Let i(m) = m. Let n(s) = -5*i(s) - u(s). Let y be n(8). Let r = y + -8. Calculate the remainder when 47 is divided by r.
11
Let h = 2284 - 2263. What is the remainder when 480 is divided by h?
18
Suppose g + 29*g = 12210. Calculate the remainder when g is divided by 10.
7
Calculate the remainder when (273 + -332)*(-3 + 0) is divided by 9.
6
Let i(w) = 26*w**2 - 7*w - 12. Calculate the remainder when i(-5) is divided by 75.
73
Suppose 240 = -4*a - b, 2*a - 301 = 7*a + b. Let h = -23 - a. What is the remainder when h is divided by 21?
17
Calculate the remainder when 9 is divided by -5*20/(-6)*48/100.
1
What is the remainder when 309 is divided by -27 - -22 - 5*-3?
9
Let h(y) = 2*y**3 + 15*y**2 + 5*y - 2. Let k be h(-7). Calculate the remainder when k/(-30) + 1244/10 is divided by 32.
28
Let t = 9 + -7. What is the remainder when 6 is divided by -1 - t - (-12 + 8)?
0
Let a(f) be the first derivative of -f**4/4 - f**3/3 + 3*f - 1. Let q be a(0). Suppose 0*n - q = -n. What is the remainder when 7 is divided by n?
1
What is the remainder when 7 - (-10 + 13)*-65 is divided by 68?
66
Suppose g + 66 = -5*q + 9*q, 5*g = 3*q - 41. Suppose 2 = 2*x + 2*f, 3*f + 10 + 35 = 5*x. Calculate the remainder when q is divided by x.
5
Let f(s) = -14*s. Let z be f(5). Let q be (-20)/7*z/20. Suppose 3*a - q = 5. Calculate the remainder when a is divided by 2.
1
Let f(y) = 21*y + 424. Calculate the remainder when f(-19) is divided by 4.
1
Let x = 19 - 19. Suppose 3*y - r - 10 = x, -y + 0 = -3*r + 2. What is the remainder when 5 is divided by y?
1
Let f = 278 - 242. Calculate the remainder when 79 is divided by f.
7
Let z(f) = f**3 + 6*f**2 + f + 64. Calculate the remainder when z(0) is divided by 53.
11
Calculate the remainder when (6 - 5*(-7)/(-7)) + 28 is divided by 6.
5
Suppose 0 = 3*q - 40 - 17. Let r = 17 + q. What is the remainder when r is divided by 13?
10
Let w = -1436 - -1440. Calculate the remainder when 12 is divided by w.
0
Let z = -478 - -493. What is the remainder when 21 is divided by z?
6
Suppose -3*l = -5*m - 607, 4*m - 643 = -3*l - 0*m. What is the remainder when l is divided by 24?
17
Suppose 2*p - 22 = 2*u, 9*u + 5 = -p + 6*u. Calculate the remainder when 49 is divided by p.
0
Suppose -y - 3 = -14. Suppose -y*k = -8*k - 39. What is the remainder when 58 is divided by k?
6
Let t(q) = -q**3 + 6*q**2 - 6*q + 4. Let b(d) = -47*d**3 - 2*d**2 + d + 2. What is the remainder when b(-1) is divided by t(4)?
10
Let i = 294 + -263. What is the remainder when 49 is divided by i?
18
Let v(s) = s**3 - 5*s - 5. Let d be v(-2). Let o(b) = 25*b**2 + b. Let q be o(1). Calculate the remainder when q/(d/(-3)) - -3 is divided by 16.
13
Let t be 6/(-3)*76/(-8). Let r = -14 + t. Suppose -3*h = h - q - 55, h = -5*q - 2. What is the remainder when h is divided by r?
3
Suppose -2*m = 2*m + 2*t - 618, 4*m - 608 = -4*t. Calculate the remainder when m is divided by 66.
25
Let g(v) = v**3 + 20*v**2 - 14*v - 4. Let z be g(-19). Suppose 15*r - 2482 - z = 0. What is the remainder when r is divided by 16?
15
Let p be 1 + 0 - (0 + 1). Let o(u) be the first derivative of u**2/2 + 5*u + 2. Calculate the remainder when 14 is divided by o(p).
4
Let v(x) = -x**3 - 5*x**2 - 5*x - 1. Suppose 190*i - 2636 = 470 - 636. What is the remainder when v(-5) is divided by i?
11
Suppose 4*p - 45 - 99 = 5*f, 3*p - 108 = 2*f. Let o = p - -82. Calculate the remainder when o is divided by 17.
16
Let w(f) = f**3 - 9*f**2 + 20*f - 6. Suppose -4*c + 0*h + 24 = -2*h, 2*c + 12 = -5*h. What is the remainder when w(6) is divided by c?
2
Let n(b) = 17*b + 7. Let c(w) = -33*w - 15. Let k(l) = -3*c(l) - 7*n(l). What is the remainder when k(-6) is divided by 9?
8
Let z(n) = n**3 + 8*n**2 - 7*n - 5. Let d be (-7 - 0 - -4)*-7. Let g = d + -3. What is the remainder when z(-8) is divided by g?
15
Suppose g - 10 = m - 2*g, 2*m = -5*g + 35. What is the remainder when 9 is divided by m?
4
Let p = 593 - 448. What is the remainder when p is divided by 14?
5
Let z be 1/(-4) - (-10892)/112. Suppose 102*h = z*h + 330. What is the remainder when 128 is divided by h?
62
Let i = -121 + 144. What is the remainder when 136 is divided by i?
21
Suppose 48 = -5*s + 3*s + h, 0 = 5*s + 4*h + 107. Let f = s + 45. Calculate the remainder when 0*2/4 + f is divided by 8.
6
Let d(a) = 6*a**2 - 11*a - 10. Calculate the remainder when 237 is divided by d(-3).
6
Let n = 260 + -215. What is the remainder when n is divided by 27?
18
Let d = -125 + 126. Let p(b) = -b + 8. What is the remainder when 14 is divided by p(d)?
0
Let f(t) = t**3 - 10*t**2 + 3*t - 2. Suppose 5*z - 14 = -k - 4, -k = -3*z - 10. Let i = -3 - -8. Calculate the remainder when f(k) is divided by i.
3
Let l be (2/2)/((-14)/1218). Let g = 125 + l. What is the remainder when g is divided by 3?
2
Let b(r) = r**2 - 13*r - 21. Let a be b(15). Suppose a = v - 18. What is the remainder when v is divided by 6?
3
Suppose -t + 0*u = -u - 1216, 5*t + 3*u = 6080. Calculate the remainder when t is divided by 42.
40
Suppose -34*x = 15*x - 9310. Calculate the remainder when x is divided by 43.
18
Suppose 2*p = -4 - 2, 0 = 3*f + 2*p - 21. Calculate the remainder when 90 is divided by f.
0
Let f = 37 - 26. Let x(q) = -9*q + 22. Let a be x(f). What is the remainder when (-519)/(-11) - (-14)/a is divided by 12?
11
Let z(i) = -i**3 - 4*i**2 + 7*i - 3. Let v be z(-6). Let p = 83 - v. What is the remainder when p is divided by 13?
4
Let z(a) = -3*a + 3 + 0*a - a. Let h = 388 + -394. What is the remainder when z(h) is divided by 6?
3
What is the remainder when 153 is divided by (38 - (-14 + 9)) + -3?
33
Suppose 0 = 4*p + 32 - 180. Calculate the remainder when p is divided by 35.
2
Let u = -242 + 325. What is the remainder when u is divided by 13?
5
Suppose -4*s = -21*s + 510. What is the remainder when 104 is divided by s?
14
Let j = 45 + -42. Suppose 3*t - q = 34, 52 = 4*t + j*q - q. Calculate the remainder when 20 is divided by t.
8
Let u = 12 + 4. Suppose 147*h - 146*h - 95 = 0. Calculate the remainder when h is divided by u.
15
Let m(z) = z - 3. Let s be m(6). Suppose -63 = -2*k + 5*f, -4*f - 84 - 7 = -s*k. Calculate the remainder when k is divided by 16.
13
What is the remainder when 32/(-8) - (-18 + 1) is divided by 7?
6
Suppose -12*w = -15*w + 1974. What is the remainder when w is divided by 22?
20
Let t = 1256 - 1204. What is the remainder when 210 is divided by t?
2
Let a(r) = 16*r + 3. Let t = -14964 - -14978. What is the remainder when a(4) is divided by t?
11
Suppose -6 - 7 = 4*k - 5*w, -15 = -3*w. Let h(s) be the third derivative of -s**4/24 + s**3/6 + s**2. Calculate the remainder when h(-4) is divided by k.
2
Let